of n.
3, 13
Suppose 2836 + 4219 = 3*q - 2*u, -3*q + 7090 = 5*u. Suppose 0 = 5*d, -5*z = -0*d - d - q. What are the prime factors of z?
3, 157
Suppose -157*n + 43147 = 4*w - 154*n, -53890 = -5*w + 5*n. List the prime factors of w.
41, 263
List the prime factors of -4 + (-185763)/(-9) + 14/(-6).
2, 3, 19, 181
Suppose 10511 = d + 3*j - 8*j, 31506 = 3*d - 6*j. What are the prime factors of d?
2, 41
Let f be (28230/16)/15 + (-3)/(-8). Suppose -3*m = -347 - 238. Let z = m - f. What are the prime factors of z?
7, 11
Let h(c) = -66*c + 25*c + 27*c - c**2 - 3. Let i be h(-14). Let o(y) = -5*y**3 - 5*y**2 + 6. What are the prime factors of o(i)?
2, 3
Suppose -8*a - 120 = -28*a. Suppose -a*u = -13*u + 6097. List the prime factors of u.
13, 67
Let n = -3179 + 9928. What are the prime factors of n?
17, 397
Suppose -4*f + 3*f - 4*l = 17, 0 = -5*f - 4*l - 37. Suppose 5*b = -377 - 403. What are the prime factors of (24 + 0)*(f + b/(-16))?
2, 3, 19
Let c(s) = s**3 - 5*s**2 - s - 2. Let m be c(9). Let k = -224 + m. Suppose k - 17 = y. What are the prime factors of y?
2, 3
Suppose 3*y + 6*l = 4*l + 16, 5*l - 25 = 0. Suppose -3*x + 7*x - 2*t = 0, -y*x - t + 8 = 0. What are the prime factors of x?
2
Let m(s) = -s**3 + 7*s**2 + 21*s - 19. Let h be m(9). Let z(b) = 2*b**3 - 6*b**2 - 2*b - 44. List the prime factors of z(h).
2, 5, 29
Let s(c) = -c - 13. Let g be s(-12). Suppose -2*b + 48 = 258. List the prime factors of (b/6 + g)*-4.
2, 37
Suppose 52650 = -54*u + 80*u. List the prime factors of u.
3, 5
Suppose -24519 = -6*o - 0*o - 1305. What are the prime factors of o?
53, 73
Let d = -1742 + 3866. What are the prime factors of d?
2, 3, 59
Let m = -7053 + 32185. What are the prime factors of m?
2, 61, 103
Suppose -32634 = -102*w + 46*w + 50*w. List the prime factors of w.
3, 7, 37
Let p be (8*1)/(3*(-8)/(-852)). Let h = p - 155. Suppose k - 2*b - h = 2*b, -5*k = -5*b - 570. List the prime factors of k.
109
Suppose -805*v + 1608*v - 24710 = 798*v. List the prime factors of v.
2, 7, 353
Suppose -9*l - 122 = 931. List the prime factors of l/(-7) + (-3)/(-21)*2.
17
Let t = 77 - 2. Suppose 3*d + t - 96 = 0. Suppose 5*x - 2*s + d*s = 1080, 0 = -3*x - 4*s + 647. What are the prime factors of x?
7, 31
Let d(a) = a**2 - 46. Let s be d(7). List the prime factors of (5 - s)/(1 - (-579)/(-582)).
2, 97
What are the prime factors of (-18)/6 + 51 + 62010?
2, 3, 10343
Let g be 2/(-16) + (-9721)/(-8). Suppose 0 = -b + q + 502, 3*q - g = -3*b + 303. Suppose -c + 8*c = b. List the prime factors of c.
2, 3
Suppose -5*h + 171 = 14*h. Let p(a) = -a**2 + 15*a + 19. What are the prime factors of p(h)?
73
Let u = -29131 + 43353. List the prime factors of u.
2, 13, 547
Suppose 0 = -3*m + 2*o + 25452, 5*m = -o + 48391 - 5945. List the prime factors of m.
2, 1061
Let t(l) = l**3 - 22*l**2 + 24*l + 180. Let v be t(22). Suppose 5*x + 5*w = 6*x - 236, -3*x + v = -4*w. List the prime factors of x.
2, 59
Let x = -2782 - -6836. What are the prime factors of x?
2, 2027
Let f be 1884 + 7/2*(-48)/(-28). Let y = f - 1328. List the prime factors of y.
2, 281
Let k(x) = 2*x**2 + 33*x + 20. Let z be k(-16). Let y(q) = -2 - z + 3*q - 68*q. What are the prime factors of y(-1)?
59
Suppose -2*x + j = 964, -2*x - 2408 = 3*x - 2*j. Let i = x + 697. Suppose -2*b + 182 = -2*o, 0 = 2*b - 0*o + 5*o - i. What are the prime factors of b?
2, 3
Suppose 4*u = -12*x + 17*x - 45019, -3*x + 27006 = 3*u. List the prime factors of x.
3, 3001
List the prime factors of -6 - (-22)/(440/61980).
3, 1031
Let d(w) be the third derivative of w**5/60 - w**4/24 + w**3/3 + 6*w**2. Let z be d(2). Suppose 3*s - z = 38. What are the prime factors of s?
2, 7
Let f(t) = -28*t**3 - 11*t**2 - 27*t - 47. What are the prime factors of f(-8)?
37, 373
Let f be (((-96)/(-20))/(-6))/((-2)/5). List the prime factors of ((-5702)/(-14) - -2) + f/(-7).
409
Suppose 122*g + 240*g - 8522928 = 0. List the prime factors of g.
2, 3, 109
Suppose -10*f = 4*j - 13*f - 50098, 0 = -5*f - 10. List the prime factors of j.
7, 1789
Suppose 10*j - 394 = -314. Suppose j*x + 5335 = 17119. What are the prime factors of x?
3, 491
Suppose -34*v + 424 = -26*v. Suppose -v*d = -62*d + 459. What are the prime factors of d?
3, 17
Let n be (-2 - (-13)/2) + (-75)/(-50). What are the prime factors of (-299 - n)/(-1) + 2?
307
Suppose -5*o + 106*r = 109*r - 70245, 0 = -o + 3*r + 14031. List the prime factors of o.
2, 3, 2341
Let w(a) = -6*a. Let i be w(-1). Let l be i/2 + 229*(-4 - -3). What are the prime factors of ((-2)/2)/(l/224 + 1)?
2, 7
Let x = -24666 - -27307. List the prime factors of x.
19, 139
Suppose -331 - 208 = -7*u. Let t = u + -77. Suppose t = -5*o - o + 936. List the prime factors of o.
2, 3, 13
Suppose -3*t - 5*m + 4 = -19, -t + 9 = 3*m. What are the prime factors of (-1138)/(-2) - 3/(t/8)?
5, 113
Suppose 4*c - 297 = -0*v - v, 0 = v + 5*c - 292. Suppose -49*w = -48*w - v. List the prime factors of w.
317
Let y be 1/(-2) - 1454/(-4). Let s = 2003 - 2000. Suppose 2*l = 0, 4*l = s*f - 0*f - y. What are the prime factors of f?
11
Let x(n) = -n**3 + 2*n**3 - 38 + 215*n - 192*n - 28*n**2. What are the prime factors of x(28)?
2, 3, 101
Suppose 6938 = -47*m + 149583. What are the prime factors of m?
5, 607
Let h = -250 + 416. Suppose 480 = 95*l - 100*l. Let k = l + h. List the prime factors of k.
2, 5, 7
Let n(a) = -178*a + 597. List the prime factors of n(-5).
1487
Let x = 561 - 352. Let u = x - -458. What are the prime factors of u?
23, 29
Let z(r) = 10*r - 8. Let d be z(24). Suppose 64 = -6*m + d. What are the prime factors of m + 11 + (5/1 - 2)?
2, 3, 7
Let r be 1/(6/4 - 15470/10304). Let k = -432 - r. List the prime factors of k.
2, 19
Let x = -559 - -6399. List the prime factors of x.
2, 5, 73
Let d(m) = 1127*m + 302. What are the prime factors of d(30)?
2, 13, 41
Let q be 6*7/7 + -21. What are the prime factors of 34 + (1 - q/3)?
2, 5
Suppose -8*n + 12*n + 12 = 0. List the prime factors of 535 - ((-8)/(-56) - n/(-21)).
5, 107
Let d = 5 + 6. Let x be (-31)/(-2)*(-9 + d). Let f = 93 - x. List the prime factors of f.
2, 31
Let w = 1542 - -102. List the prime factors of w.
2, 3, 137
List the prime factors of (-6086)/(2415/230 - (2 + 9)).
2, 17, 179
Let w = 6935 - -6979. What are the prime factors of w?
2, 3, 773
List the prime factors of -2 + (13 - 15) - (-5 - 70071).
2, 19, 461
Let n = 268 - 172. Suppose 4*k = 20, 7*l - 410 = 4*l - k. Let b = l - n. What are the prime factors of b?
3, 13
Let d(v) = -v**3 + 46*v**2 + 105*v + 303. List the prime factors of d(45).
3, 2351
Suppose 5*o - 36*o - 169691 + 1029755 = 0. List the prime factors of o.
2, 3, 17
Let v(d) = 1299*d**3 - 2*d**2 - 4*d + 6. Let c be v(1). Let z = 2631 - c. What are the prime factors of z?
2, 3, 37
What are the prime factors of (-7355)/(-10)*(3/(-5))/((-22)/220)?
3, 1471
What are the prime factors of (-444832)/(-56) - 864/(-336)?
2, 29, 137
Suppose 362*z - 814217 = 5775993. List the prime factors of z.
5, 11, 331
Suppose 4*z - 677 = -5*t, 4*t = 5*z - 483 - 312. Let k = -5 - -10. Suppose -4*h - k*b + 233 = 64, -b - z = -4*h. List the prime factors of h.
41
Let f = 733 - 806. List the prime factors of f + 71 - 7*-71.
3, 5, 11
Suppose 0*n - 5*n = -5*p + 10, -p = -3*n. What are the prime factors of n - 6 - (-802 + (-3 - 2))?
2, 401
Suppose 0 = -3*z - 3, 0 = 2*k + 2*z - 1995 - 1761. Suppose -2*i = -3*m + k, -m + 3*m - 1240 = -5*i. Suppose 503 = 6*j - m. List the prime factors of j.
2, 47
Let m(n) = -54*n**3 + 4*n**2 + 3*n + 8. Let c be (-65)/35 + (-1)/7. List the prime factors of m(c).
2, 3, 5
Let c(l) be the first derivative of -l**4 + 2*l**3/3 + 3*l**2/2 - 3*l - 939. Suppose -4*t = 5*n + 19, 3*n - 4*t - 2 + 7 = 0. What are the prime factors of c(n)?
2, 3, 19
Suppose k - 61354 = -5*w, -5*k = -34*w + 35*w - 306842. What are the prime factors of k?
7, 11, 797
Suppose -119360 = -5*c + w, 45383 = 4*c + 2*w - 50105. List the prime factors of c.
2, 373
Suppose -6 + 14 = 4*o. What are the prime factors of o/(-68)*4 - (-23810)/85?
2, 5, 7
Let m(a) = 26*a - 5. Let r = 224 - 217. List the prime factors of m(r).
3, 59
Suppose -14*d = -9*d - 4*t - 13170, 0 = 3*t. What are the prime factors of d?
2, 3, 439
Suppose -2*f - 2*x + 88566 = 0, 0 = -f + 394*x - 390*x + 44303. List the prime factors of f.
67, 661
Let n = -104 -